{"id":550,"date":"2026-04-22T14:35:55","date_gmt":"2026-04-22T17:35:55","guid":{"rendered":"https:\/\/isticatamarca.edu.ar\/?page_id=550"},"modified":"2026-04-23T18:04:31","modified_gmt":"2026-04-23T21:04:31","slug":"novedades-2","status":"publish","type":"page","link":"https:\/\/isticatamarca.edu.ar\/?page_id=550","title":{"rendered":"Novedades"},"content":{"rendered":"\t\t<div data-elementor-type=\"wp-page\" data-elementor-id=\"550\" class=\"elementor elementor-550\">\n\t\t\t\t<div class=\"elementor-element elementor-element-77c9b70 e-flex e-con-boxed e-con e-parent\" data-id=\"77c9b70\" data-element_type=\"container\">\n\t\t\t\t\t<div class=\"e-con-inner\">\n\t\t\t\t<div class=\"elementor-element elementor-element-408d312 meta-visibility-show title_position_default title_hover_border_default title-default img_hover_animation_default meta_position_default tpg-category-position-default readmore-btn-default-style grid-hover-overlay-type-always tpg-el-box-border-enable tpg-border-bottom-disable elementor-widget elementor-widget-tpg-grid-layout\" data-id=\"408d312\" data-element_type=\"widget\" data-widget_type=\"tpg-grid-layout.default\">\n\t\t\t\t<div class=\"elementor-widget-container\">\n\t\t\t\t\t<div class=\"rt-container-fluid rt-tpg-container tpg-el-main-wrapper clearfix grid-layout1-main \"\n\t\t\t id=\"rt-tpg-container-3622434400\"\n\t\t\t data-layout=\"grid-layout1\"\n\t\t\t data-grid-style=\"tpg-full-height\"\n\t\t\t data-sc-id=\"elementor\"\n\t\t\t data-el-settings=''\n\t\t\t data-el-query=''\n\t\t\t data-el-path=''\n\t\t>\n\t\t\t\t\t\t<div class='tpg-header-wrapper '>\n\t\t\t\t\t\t\t<\/div>\n\n\t\t\t<div data-title=\"Loading ...\" class=\"rt-row rt-content-loader grid-layout1 grid-behaviour tpg-full-height grid_layout_wrapper\">\n\t\t\t\t<div class=\"rt-col-md-12 rt-col-sm-6 rt-col-xs-12 default rt-grid-item post-548 post type-post status-publish format-standard hentry category-novedad\"        data-id=\"548\">\n    <div class=\"rt-holder tpg-post-holder \">\n        <div class=\"rt-detail rt-el-content-wrapper\">\n\t\t\t                <div class=\"rt-img-holder tpg-el-image-wrap has-no-thumbnail\">\n\t\t\t\t\t<a data-id=\"548\" href=\"https:\/\/isticatamarca.edu.ar\/?p=548\" class=\"tpg-post-link\" target=\"_self\"><img fetchpriority=\"high\" class='rt-img-responsive' src='https:\/\/isticatamarca.edu.ar\/wp-content\/uploads\/2026\/04\/foto-grupal-1024x755.jpeg' width=\"1024\" height=\"755\" alt='El ISTI Reanuda Capacitaciones con Loma Negra en Tapso'>\t\t\n\t\t<\/a>\n\t\t        <div class=\"overlay grid-hover-content\"><\/div>\n\t\t                <\/div>\n\t\t\t\n\t\t\t<div class=\"entry-title-wrapper\"><h3 class=\"entry-title\"><a data-id=\"548\" href=\"https:\/\/isticatamarca.edu.ar\/?p=548\" class=\"tpg-post-link\" target=\"_self\">El ISTI Reanuda Capacitaciones con Loma Negra en Tapso<\/a><\/h3><\/div>\n\t\t\t                <div class=\"post-meta-tags rt-el-post-meta\">\n\t\t\t\t\t            <span class='date'>\n\t\t\t\t<i class='flaticon-calendar '><\/i>\t\t\t\t                    <a href=\"https:\/\/isticatamarca.edu.ar\/?m=20260422\">\n\t\t\t\t\t22 abril, 2026\t\t\t\t<\/a>\n\t\t\t\t\t\t\t<\/span>\n\t\t\t            <span class='categories-links'>\n\t\t\t\t<i class='flaticon-folder '><\/i><a class=\"novedad\" href=\"https:\/\/isticatamarca.edu.ar\/?cat=5\">Novedad<\/a>\t\t\t<\/span>\n\t\t\t                <\/div>\n\t\t\t\n\n\t\t\t                <div class=\"tpg-excerpt tpg-el-excerpt\">\n\t\t\t\t\t                        <div class=\"tpg-excerpt-inner\">\n\t\t\t\t\t\t\tEl ISTI reanud\u00f3 las capacitaciones con Loma Negra en el marco del proyecto de Cr\u00e9dito Fiscal con fondos INET. El Instituto Superior T\u00e9cnico Industrial comenz\u00f3 el tramo final del curso de \u201cAuxiliar...                        <\/div>\n\t\t\t\t\t\t\t\t\t\t                <\/div>\n\t\t\t\n\t\t\t        <div class=\"post-footer\">\n            <div class=\"post-footer\">\n                <div class=\"read-more\">\n\t\t\t\t\t<a data-id=\"548\" href=\"https:\/\/isticatamarca.edu.ar\/?p=548\" class=\"tpg-post-link\" target=\"_self\">Read More<\/a>                <\/div>\n            <\/div>\n        <\/div>\n\t\t        <\/div>\n    <\/div>\n<\/div>\n\t\t\t<\/div>\n\t\t\t\n\t\t<\/div>\n\t\t\t\t<\/div>\n\t\t\t\t<\/div>\n\t\t\t\t\t<\/div>\n\t\t\t\t<\/div>\n\t\t<div class=\"elementor-element elementor-element-d1e61dd e-flex e-con-boxed e-con e-parent\" data-id=\"d1e61dd\" data-element_type=\"container\">\n\t\t\t\t\t<div class=\"e-con-inner\">\n\t\t\t\t<div class=\"elementor-element elementor-element-60c9765 section-title-style-style4 meta-visibility-show title_position_default title_hover_border_default title-default img_hover_animation_default meta_position_default tpg-category-position-default readmore-btn-default-style grid-hover-overlay-type-always tpg-el-box-border-enable tpg-border-bottom-disable elementor-widget elementor-widget-tpg-grid-layout\" data-id=\"60c9765\" data-element_type=\"widget\" data-widget_type=\"tpg-grid-layout.default\">\n\t\t\t\t<div class=\"elementor-widget-container\">\n\t\t\t\t\t<div class=\"rt-container-fluid rt-tpg-container tpg-el-main-wrapper clearfix grid-layout1-main \"\n\t\t\t id=\"rt-tpg-container-2442728370\"\n\t\t\t data-layout=\"grid-layout1\"\n\t\t\t data-grid-style=\"tpg-full-height\"\n\t\t\t data-sc-id=\"elementor\"\n\t\t\t data-el-settings=''\n\t\t\t data-el-query=''\n\t\t\t data-el-path=''\n\t\t>\n\t\t\t\t\t\t<div class='tpg-header-wrapper '>\n\t\t\t\t\n        <div class=\"tpg-widget-heading-wrapper rt-clear heading-style4 \">\n            <span class=\"tpg-widget-heading-line line-left\"><\/span>\n\t\t\t<h2 class='tpg-widget-heading'>\n\t\t\t\n\t\t\t\t                    <span>\n\t\t\t\t\t\tM\u00e1s recientes\t\t\t\t\t<\/span>\n\t\t\t\t\t\n\t\t\t\t\t\t\t<\/h2>            <span class=\"tpg-widget-heading-line line-right\"><\/span>\n\n\t\t\t\n        <\/div>\n\n\t\t\n\t\t\t\t\t<\/div>\n\n\t\t\t<div data-title=\"Loading ...\" class=\"rt-row rt-content-loader grid-layout1 grid-behaviour tpg-full-height grid_layout_wrapper\">\n\t\t\t\t<div class=\"rt-col-md-4 rt-col-sm-6 rt-col-xs-12 default rt-grid-item post-548 post type-post status-publish format-standard hentry category-novedad\"        data-id=\"548\">\n    <div class=\"rt-holder tpg-post-holder \">\n        <div class=\"rt-detail rt-el-content-wrapper\">\n\t\t\t                <div class=\"rt-img-holder tpg-el-image-wrap has-no-thumbnail\">\n\t\t\t\t\t<a data-id=\"548\" href=\"https:\/\/isticatamarca.edu.ar\/?p=548\" class=\"tpg-post-link\" target=\"_self\"><img fetchpriority=\"high\" class='rt-img-responsive' src='https:\/\/isticatamarca.edu.ar\/wp-content\/uploads\/2026\/04\/foto-grupal-1024x755.jpeg' width=\"1024\" height=\"755\" alt='El ISTI Reanuda Capacitaciones con Loma Negra en Tapso'>\t\t\n\t\t<\/a>\n\t\t        <div class=\"overlay grid-hover-content\"><\/div>\n\t\t                <\/div>\n\t\t\t\n\t\t\t<div class=\"entry-title-wrapper\"><h3 class=\"entry-title\"><a data-id=\"548\" href=\"https:\/\/isticatamarca.edu.ar\/?p=548\" class=\"tpg-post-link\" target=\"_self\">El ISTI Reanuda Capacitaciones con Loma Negra en Tapso<\/a><\/h3><\/div>\n\t\t\t                <div class=\"post-meta-tags rt-el-post-meta\">\n\t\t\t\t\t            <span class='date'>\n\t\t\t\t<i class='flaticon-calendar '><\/i>\t\t\t\t                    <a href=\"https:\/\/isticatamarca.edu.ar\/?m=20260422\">\n\t\t\t\t\t22 abril, 2026\t\t\t\t<\/a>\n\t\t\t\t\t\t\t<\/span>\n\t\t\t            <span class='categories-links'>\n\t\t\t\t<i class='flaticon-folder '><\/i><a class=\"novedad\" href=\"https:\/\/isticatamarca.edu.ar\/?cat=5\">Novedad<\/a>\t\t\t<\/span>\n\t\t\t                <\/div>\n\t\t\t\n\n\t\t\t                <div class=\"tpg-excerpt tpg-el-excerpt\">\n\t\t\t\t\t                        <div class=\"tpg-excerpt-inner\">\n\t\t\t\t\t\t\tEl ISTI reanud\u00f3 las capacitaciones con Loma Negra en el marco del proyecto de Cr\u00e9dito Fiscal con fondos INET. El Instituto Superior T\u00e9cnico Industrial comenz\u00f3 el tramo final del curso de \u201cAuxiliar...                        <\/div>\n\t\t\t\t\t\t\t\t\t\t                <\/div>\n\t\t\t\n\t\t\t        <div class=\"post-footer\">\n            <div class=\"post-footer\">\n                <div class=\"read-more\">\n\t\t\t\t\t<a data-id=\"548\" href=\"https:\/\/isticatamarca.edu.ar\/?p=548\" class=\"tpg-post-link\" target=\"_self\">Leer m\u00e1s<\/a>                <\/div>\n            <\/div>\n        <\/div>\n\t\t        <\/div>\n    <\/div>\n<\/div>\n\t\t\t<\/div>\n\t\t\t\n\t\t<\/div>\n\t\t\t\t<\/div>\n\t\t\t\t<\/div>\n\t\t\t\t\t<\/div>\n\t\t\t\t<\/div>\n\t\t\t\t<\/div>\n\t\t","protected":false},"excerpt":{"rendered":"<p>El ISTI Reanuda Capacitaciones con Loma Negra en Tapso 22 abril, 2026 Novedad El ISTI reanud\u00f3 las capacitaciones con Loma Negra en el marco del proyecto de Cr\u00e9dito Fiscal con fondos INET. El Instituto Superior T\u00e9cnico Industrial comenz\u00f3 el tramo final del curso de \u201cAuxiliar&#8230; Read More M\u00e1s recientes El ISTI Reanuda Capacitaciones con Loma<\/p>\n<div><a class=\"btn-filled btn\" href=\"https:\/\/isticatamarca.edu.ar\/?p=548\" title=\"El ISTI Reanuda Capacitaciones con Loma Negra en Tapso\">Read More<\/a><\/div>\n","protected":false},"author":1,"featured_media":0,"parent":0,"menu_order":0,"comment_status":"closed","ping_status":"closed","template":"","meta":{"footnotes":""},"class_list":["post-550","page","type-page","status-publish","hentry"],"rttpg_featured_image_url":null,"rttpg_author":{"display_name":"admin","author_link":"https:\/\/isticatamarca.edu.ar\/?author=1"},"rttpg_comment":0,"rttpg_category":"","rttpg_excerpt":"El ISTI Reanuda Capacitaciones con Loma Negra en Tapso 22 abril, 2026 Novedad El ISTI reanud\u00f3 las capacitaciones con Loma Negra en el marco del proyecto de Cr\u00e9dito Fiscal con fondos INET. El Instituto Superior T\u00e9cnico Industrial comenz\u00f3 el tramo final del curso de \u201cAuxiliar&#8230; Read More M\u00e1s recientes El ISTI Reanuda Capacitaciones con LomaRead&hellip;","_links":{"self":[{"href":"https:\/\/isticatamarca.edu.ar\/index.php?rest_route=\/wp\/v2\/pages\/550","targetHints":{"allow":["GET"]}}],"collection":[{"href":"https:\/\/isticatamarca.edu.ar\/index.php?rest_route=\/wp\/v2\/pages"}],"about":[{"href":"https:\/\/isticatamarca.edu.ar\/index.php?rest_route=\/wp\/v2\/types\/page"}],"author":[{"embeddable":true,"href":"https:\/\/isticatamarca.edu.ar\/index.php?rest_route=\/wp\/v2\/users\/1"}],"replies":[{"embeddable":true,"href":"https:\/\/isticatamarca.edu.ar\/index.php?rest_route=%2Fwp%2Fv2%2Fcomments&post=550"}],"version-history":[{"count":10,"href":"https:\/\/isticatamarca.edu.ar\/index.php?rest_route=\/wp\/v2\/pages\/550\/revisions"}],"predecessor-version":[{"id":581,"href":"https:\/\/isticatamarca.edu.ar\/index.php?rest_route=\/wp\/v2\/pages\/550\/revisions\/581"}],"wp:attachment":[{"href":"https:\/\/isticatamarca.edu.ar\/index.php?rest_route=%2Fwp%2Fv2%2Fmedia&parent=550"}],"curies":[{"name":"wp","href":"https:\/\/api.w.org\/{rel}","templated":true}]}}